mainder when k is divided by 3?
1
Suppose f = 4*b - 4*f - 144, -5*b + 185 = -5*f. What is the remainder when b is divided by 14?
13
Let u be (-12)/(-10)*60/(-18). Suppose -3*d + 5 = -10. What is the remainder when (-36)/u - (0 - 0) is divided by d?
4
Suppose -n - 3*g - 185 - 114 = 0, 5*g - 1495 = 5*n. Let s = n + 442. Let y = s - 102. Calculate the remainder when y is divided by 14.
13
Let a = -6 + 11. Suppose -g + 2*g - a = 0. Suppose -3*r - h + 38 = -0*r, 16 = -4*h. What is the remainder when r is divided by g?
4
Suppose 3*x - 2*y = -0*y + 13, 5 = 3*x + 2*y. Suppose 0*z + 41 = q - 4*z, x*q - 123 = z. Let r = q - 25. What is the remainder when r is divided by 9?
7
Suppose -5*u - 8 = 2. What is the remainder when 43 is divided by (-42)/(-3) + u + 3?
13
Let f(b) = b**2 + b + 2. Let h be (4/(-5))/((-2)/(-5)). What is the remainder when 9 is divided by f(h)?
1
Let j(m) = m**3 - 10*m**2 - 5*m - 3. Calculate the remainder when j(11) is divided by 16.
15
Let j be (-4)/8 + 162/4. Suppose d = -d + j. Calculate the remainder when -87*((-8)/(-6) - 2) is divided by d.
18
Suppose -113 = -7*n + 13. What is the remainder when 52 is divided by n?
16
Let q = 80 - 73. Calculate the remainder when 46 is divided by q.
4
Let j(i) = 12*i**2 - i - 2. Calculate the remainder when j(-2) is divided by 17.
14
Let p(j) = -j**3 + 9*j**2 - 7*j + 5. What is the remainder when p(8) is divided by 2*-4*28/(-32)?
6
Let u(s) = 2*s**2 - 2*s + 1. Suppose 1 = g + 3. What is the remainder when u(g) is divided by 7?
6
Let v = 94 - 45. What is the remainder when 143 is divided by v?
45
Let f be (-5 - -4)/(1 + 0). Let q be 1/(f/(-15)) + -1. Let y = 27 - q. What is the remainder when 24 is divided by y?
11
Calculate the remainder when (8/(-6))/(20/(-510)) is divided by 12.
10
Suppose q + 3*u = -15, 4*u + 12 = u. Let j = -2 + q. Let l = 9 + j. Calculate the remainder when 7 is divided by l.
3
Let d = -20 + -11. Let s = -12 - d. What is the remainder when s is divided by 5?
4
Let r = 6 - 4. Suppose -r*v + 7*v - 10 = 0. Suppose 2*n + 4 = v*a, -3*n + 1 = -a - 1. What is the remainder when 5 is divided by n?
1
Let g(y) = y + 4. Let i be g(0). Suppose -4*z + 45 = 3*a + 11, 5*a = i*z + 46. What is the remainder when (-6 + -70)*3/(-6) is divided by a?
8
Suppose -3 + 38 = n. Let u be (-13)/3*(0 - -3). Let k = u + 25. What is the remainder when n is divided by k?
11
Suppose 6*u - u - 150 = 0. Suppose -2*n + u - 8 = 0. Calculate the remainder when n is divided by 6.
5
Calculate the remainder when 144/((1/(-2))/(6/(-18))) is divided by 25.
21
Let t(f) = 2*f**3 - 6*f**2 + 3*f + 2. Calculate the remainder when t(4) is divided by 12.
10
Let c(w) be the second derivative of w**5/20 + w**4/3 - w**3/6 - w. Calculate the remainder when 7 is divided by c(-4).
3
Suppose 4*f - 296 = -12. What is the remainder when f is divided by 19?
14
Suppose -2*w + 3*w = 42. What is the remainder when w is divided by 15?
12
Suppose 4*x + 3*b - 56 = 0, -2*b + 30 = 3*x - x. What is the remainder when 43 is divided by x?
10
Let q(a) = 2*a**2 + 6*a - 6. Let m be (-4)/(24/10)*3. Calculate the remainder when 27 is divided by q(m).
13
Let s(u) = -u - 4. Let r be s(-6). Suppose r*b = 4*b. Suppose b = 3*h - 2*h - 6. Calculate the remainder when 10 is divided by h.
4
Suppose 0 = -p + t, t = 2*p + p - 6. Suppose -73 + 25 = -p*y. What is the remainder when 63 is divided by y?
15
Let r = -12 - -50. Calculate the remainder when r is divided by 13.
12
Let a(o) = 2*o - 9. Let k be a(7). Let m be k/25 - 304/(-5). Suppose 5*v - 1 = 19, m = 5*l - v. What is the remainder when l is divided by 7?
6
Suppose 4*s + 0*s - 40 = 0. Let v(w) = w - 5. Let k be v(s). Suppose 2*h - k*q - 46 = -11, 3*h - 4*q - 63 = 0. Calculate the remainder when h is divided by 9.
7
Suppose 0 = 2*r + 2*r - 8. Let i(x) = 2*x - 1. Let w(a) = 3*a - 2. Let f(b) = -4*i(b) + 3*w(b). What is the remainder when f(4) is divided by r?
0
Suppose 4*w - 14 - 2 = 0. Suppose -o - 43 = -i - 5*o, 2*i - 26 = w*o. What is the remainder when i is divided by 13?
10
Let s(o) = o**3 - 2*o**2 - 2*o + 2. Let j be s(3). Suppose 0 = j*m - m - 76. What is the remainder when 35 is divided by m?
16
Suppose 59 = 5*f + r, -36 = -8*f + 4*f + 2*r. What is the remainder when 42 is divided by f?
9
Suppose -5*x + 113 = -117. Suppose 21*o - 112 = 14*o. What is the remainder when x is divided by o?
14
Suppose 4*m + 9 = -5*f - 0*f, 10 = -2*f. Calculate the remainder when m is divided by (-12)/(-108) - 26/(-9).
1
Let s = 19 - -6. Let t = 54 - 40. What is the remainder when s is divided by t?
11
Let u(i) = i**2 - 10*i + 4. Let s(b) = b**2 - 10*b + 5. Let k(v) = 3*s(v) - 4*u(v). What is the remainder when k(8) is divided by 9?
6
Let k = -166 - -195. Calculate the remainder when 57 is divided by k.
28
Let q = 62 + -15. What is the remainder when q is divided by 24?
23
Let b = 7 - -2. What is the remainder when 6/4*(-52)/(-3) is divided by b?
8
Suppose 3*x - 15 = -2*x. Let m(u) = -4*u**2 - 3 + 8*u**2 + u + 1 - u**3. Calculate the remainder when x is divided by m(4).
1
Let n = 59 - 39. What is the remainder when 65 is divided by n?
5
What is the remainder when (-11)/(242/(-4)) - 757/(-11) is divided by 8?
5
Let q be -22 - (0 + 0/(-1)). Suppose 5*w = -5*b + b + 61, -71 = -5*b - w. Calculate the remainder when b is divided by (-4)/(-6) + q/(-3).
6
Suppose 2*j - 3*j = 166. Calculate the remainder when (-3)/(-12) + j/(-8) is divided by (11/(-3))/((-4)/12).
10
Calculate the remainder when 15 is divided by 2*74/16 - 1/4.
6
Suppose 5*y = -0*y + 15. Suppose 8*w - y*w = 65. Calculate the remainder when w is divided by (-7 - -22)/(0 + 3).
3
Let r(k) = 10*k + 1. Let g be r(1). Suppose -7 = -4*z + 5*p, -5*z + 0*z + g = -4*p. Suppose -z*s + 20 = -34. Calculate the remainder when 35 is divided by s.
17
Suppose -3*z + 5*z = -3*l + 710, -4*z + 2*l + 1436 = 0. Suppose -5*c + 2*k - 6*k = -z, -5*c - k = -367. What is the remainder when c is divided by 19?
17
Let x = 30 - 11. Suppose 0 = 2*z + z - 30. What is the remainder when x is divided by z?
9
Let t be -8*(-4 - (-1 - 2)). Let j(r) = r**3 - 8*r**2 + 6*r - 9. What is the remainder when j(t) is divided by 20?
19
Let g = -204 + 426. Calculate the remainder when g is divided by 15.
12
Let w = 1 - -1. Let a(o) = -o - 3. Let f be a(-7). Calculate the remainder when w is divided by 20/28 - f/(-14).
0
Let v(l) = l + 1. Let o be v(-2). Let n = -2 - -1. Calculate the remainder when 13 is divided by (o/(-2))/(n/(-10)).
3
Let k(x) = -x**3 - 4*x**2 - 4*x - 3. Calculate the remainder when 57/2*-10*(-24)/180 is divided by k(-4).
12
Suppose -3*g - 5*b = -16, 5*b = -3*g + g + 14. Suppose 0*j + 2 = g*j. Calculate the remainder when (-22)/((-4 - -2) + j) is divided by 8.
6
Suppose 49 = 5*b - 4*b. Suppose 199 = -5*v + b. Let u = -18 - v. What is the remainder when 35 is divided by u?
11
Let m = -12 - -17. Suppose -3 = 2*x + m. Calculate the remainder when 10 is divided by 6*(2 - x/(-3)).
2
Let q(n) = -7*n**3 + 19*n**2 + 2. Let j(s) = 4*s**3 - 10*s**2 - 1. Let l(o) = 5*j(o) + 3*q(o). What is the remainder when l(7) is divided by 1?
0
Let d = -4 + 15. Let n = d + 8. Let p = 402 - 395. Calculate the remainder when n is divided by p.
5
Let u be (-4)/(-6)*(-9)/(-2). Suppose u = -4*k + 3*w + 8, -2*w + 25 = 3*k. Calculate the remainder when 14 is divided by k.
4
Let r(i) = -i**3 + 2*i + 1. Let m be r(-1). Suppose 4*c = 2*x + 74, 25 = 2*c - m*x - 5*x. What is the remainder when c is divided by 11?
9
Suppose 4*x + 36 = 5*x. Calculate the remainder when x is divided by 10.
6
Suppose 3*h = 12*h - 90. What is the remainder when 35/2 + 3/6 is divided by h?
8
Let g be (-3)/((-6)/(-4)) - -2. Suppose 5*v = -g*v + 215. Suppose 4*a - v - 37 = 0. Calculate the remainder when a is divided by 11.
9
Let k = -5 - -11. What is the remainder when 15 is divided by (48/(-9))/((-4)/k)?
7
What is the remainder when -2*21/24*-16 is divided by 10?
8
Suppose -5*r = -3*r - 48. Suppose -k - k = 0, -r = -4*c - 5*k. Calculate the remainder when c is divided by 4.
2
Let t(i) be the third derivative of i**4/24 + i**3 - i**2. Suppose 4*m - 5*m = -4. What is the remainder when t(5) is divided by m?
3
Suppose -5*x - d = 25, d - 3 = 2*x - 0*x. Calculate the remainder when 46 is divided by 16/3*(-1 - x).
14
Let o be ((-1)/(-4))/((-2)/(